{"id":911,"date":"2024-07-09T17:17:23","date_gmt":"2024-07-09T21:17:23","guid":{"rendered":"https:\/\/gymnasticscan.wpenginepowered.com\/team-canada-athlete\/tran-aurelie\/"},"modified":"2025-04-03T16:38:43","modified_gmt":"2025-04-03T20:38:43","slug":"tran-aurelie","status":"publish","type":"team-canada-athlete","link":"https:\/\/gymcan.org\/fr\/team-canada-athlete\/tran-aurelie\/","title":{"rendered":"Tran, Aur\u00e9lie"},"featured_media":1133,"parent":0,"template":"","athlete-category":[27,25],"class_list":["post-911","team-canada-athlete","type-team-canada-athlete","status-publish","has-post-thumbnail","hentry","athlete-category-womens-artistic-gymnastics-fr","athlete-category-olympians-fr"],"aioseo_notices":[],"meta_box":{"athlete_name":"Aur\u00e9lie Tran","athlete_discipline_text":"Gymnastique artistique f\u00e9minine","athlete_home_town":"Repentigny","athlete_home_province":"Qu\u00e9bec","athlete_club":"Gymnix, NCAA - Iowa","athlete_link":"https:\/\/olympic.ca\/team-canada\/aurelie-tran\/","athlete_carded":"1","team-canada-athlete-to-discipline_to":[2504]},"_links":{"self":[{"href":"https:\/\/gymcan.org\/fr\/wp-json\/wp\/v2\/team-canada-athlete\/911","targetHints":{"allow":["GET"]}}],"collection":[{"href":"https:\/\/gymcan.org\/fr\/wp-json\/wp\/v2\/team-canada-athlete"}],"about":[{"href":"https:\/\/gymcan.org\/fr\/wp-json\/wp\/v2\/types\/team-canada-athlete"}],"version-history":[{"count":0,"href":"https:\/\/gymcan.org\/fr\/wp-json\/wp\/v2\/team-canada-athlete\/911\/revisions"}],"wp:featuredmedia":[{"embeddable":true,"href":"https:\/\/gymcan.org\/fr\/wp-json\/wp\/v2\/media\/1133"}],"wp:attachment":[{"href":"https:\/\/gymcan.org\/fr\/wp-json\/wp\/v2\/media?parent=911"}],"wp:term":[{"taxonomy":"athlete-category","embeddable":true,"href":"https:\/\/gymcan.org\/fr\/wp-json\/wp\/v2\/athlete-category?post=911"}],"curies":[{"name":"wp","href":"https:\/\/api.w.org\/{rel}","templated":true}]}}

Tran, Aurélie

Aurélie Tran

Gymnastique artistique féminine

Québec
